prime factors of t(7).
7, 659
Suppose 0 = -3*g - 3*a + 498, -g = 3*g - 3*a - 671. Let i = g - 301. Let s = 188 + i. List the prime factors of s.
2, 3
Let r = -215 - -185. List the prime factors of (r/(-45))/(2/6) + 1489.
3, 7, 71
Let i = 26 + -22. Let k be 2/(i - 8)*-10. Suppose -6 = 5*v - 2*v, -58 = -2*u + k*v. List the prime factors of u.
2, 3
Suppose 6 = 4*l - 18. Suppose -764 = -4*q - 4*p, q - l*q - 3*p = -951. Let t = 43 + q. List the prime factors of t.
2, 29
Let i(b) = -b**3 - 7*b**2 + 8*b + 12. Let l = -20 + 12. Let u be i(l). List the prime factors of (100/(-80))/((-1)/u).
3, 5
Suppose 2*o - 7 + 29 = 0. Let w(g) = 22*g + 5. Let z be w(o). Let p = z + 345. List the prime factors of p.
2, 3
Suppose -843 = -11*f - 106. Let w = 320 - f. What are the prime factors of w?
11, 23
What are the prime factors of 146498/((-9)/(-1) - 10/(190/133))?
11, 6659
Let r = 60408 - 19461. List the prime factors of r.
3, 13649
Let u(k) = 33*k**2 - 13*k + 5. Let l be u(7). Suppose -2*t = 6, 3*g - 4*t = l + 473. List the prime factors of g.
2, 83
Let m(u) = 389*u**2 - 158*u + 28. List the prime factors of m(-6).
2, 5, 7, 107
Let o(a) be the first derivative of -13*a**2/2 - 285*a - 211. List the prime factors of o(-25).
2, 5
Let t = 136 - 121. Let a be (-1 - t/(-6))*-12. What are the prime factors of (a - -23) + 66*1?
71
Suppose -k - 2*k = -3*y + 9, 0 = 5*k + y + 15. Let z be 558*((-18)/(-4) + k). Suppose -5*g = -z + 177. What are the prime factors of g?
2, 3, 11
List the prime factors of (-4)/6 - 1770584/(-102).
2, 3, 11, 263
Let y(l) = -l**3 + 18*l**2 - 31*l + 29. Suppose 3*x - 83 = -5*q, 0 = -q + 10*x - 7*x + 13. List the prime factors of y(q).
3, 5
Let y be 1*((-2)/2 + (4 - 1)). Suppose -4*f + 2 = y. Suppose f = -2*a + 54 + 52. List the prime factors of a.
53
Let r(m) = -m**3 - 2*m**2 + 2*m + 1. Let f be r(-3). Suppose -f*a + 2*a = 0. Suppose -3*c + a*c = -225. What are the prime factors of c?
3, 5
List the prime factors of 106/((-7)/(-616)*16).
11, 53
Suppose 2*z = -4*j + 2*j + 40774, z - 142703 = -7*j. What are the prime factors of j?
2, 10193
Let k(y) = 113*y - 22. List the prime factors of k(17).
3, 211
Let c(y) = 20*y + 51. Suppose -h - 3 = -9. What are the prime factors of c(h)?
3, 19
List the prime factors of 14475*(-11 + 12) + -13.
2, 7, 1033
Let i = -5306 + 12290. What are the prime factors of i?
2, 3, 97
Suppose -3755 + 103934 = 3*d - 3*w, 6*d + 3*w - 200322 = 0. What are the prime factors of d?
173, 193
Let a(p) = -2585*p + 1839. List the prime factors of a(-6).
3, 5783
Let a be (2/(-6))/(2/6). Let t(i) be the third derivative of -3*i**6/10 - i**5/20 - i**4/12 + 229*i**2. List the prime factors of t(a).
5, 7
Let w = -41652 - -69580. What are the prime factors of w?
2, 3491
Let y be (-75 + -5)*(-294)/12. Suppose 0 = -7*r + 9*r - y. What are the prime factors of r?
2, 5, 7
Let q = 5 + 30. Let y = q - 33. Suppose 678 = y*o + 4*o. What are the prime factors of o?
113
Let f(u) be the second derivative of -48*u**5/5 - u**4/6 - u**2/2 - 24*u. What are the prime factors of f(-1)?
3, 7
Let n(b) = 61*b + 31. Suppose 24*y + 18*y = 420. List the prime factors of n(y).
641
Suppose 126 + 336 = -2*k. List the prime factors of 118*(k/(-14) - 3).
3, 59
Let v = 22 - 13. Suppose v + 131 = 4*q. Suppose 39*b = q*b + 388. What are the prime factors of b?
97
Suppose 0 = 3*t - 106 - 332. Let x(h) = 2*h**2 + 1 - 145*h + t*h - 2 + 4*h**3. List the prime factors of x(2).
41
Let u be ((-6)/(-5))/((-30)/(-15100)). Suppose -2*d + u = -166. List the prime factors of d.
5, 7, 11
Suppose -2*q = 2*c - 5970, -2*q + 6005 = -0*q - 5*c. List the prime factors of q.
2, 5, 13, 23
Let c be 368/24*1*(0 - -6). Let o = c + -104. What are the prime factors of (375/o)/((-2)/8)?
5
Suppose 14*m = 8*m - 36. Let u be 0*(m/4 + 13/26). List the prime factors of ((-315)/10)/((-1)/2 + u).
3, 7
Let k(f) = f**2 + 5*f + 16. Let o be k(-7). Let r = 92 - o. Let b = 81 - r. What are the prime factors of b?
19
Suppose 4*i - 12586 = -2*x, 13 - 18 = x. What are the prime factors of i?
47, 67
Let m be 1 - (-1 - (1 - 3)). Let l(o) = -o**3 + o**2 + o + 14. Let k be l(m). Suppose -k*c + 6*c + 2096 = 0. List the prime factors of c.
2, 131
Let d = -7346 - -11309. What are the prime factors of d?
3, 1321
Suppose -4*u - 3*a + 47 = 0, u + 3*a - 5 = -0*u. Suppose 488 = 18*g - u*g. What are the prime factors of g?
2, 61
Suppose 0 = 4*x + 4*l - 36724, 0 = -677*x + 674*x + 3*l + 27549. What are the prime factors of x?
2, 4591
Let o(z) = -147*z**3 - 3*z**2 - 4*z + 24. What are the prime factors of o(-4)?
2, 5, 47
Let s = -8900 + 16261. What are the prime factors of s?
17, 433
List the prime factors of (-216492)/(-14) - 4/(-14).
2, 1933
Let n(u) = 2*u. Let c be n(-4). Suppose 4*r - 3*r + 2*i = -6, 0 = -4*i - 20. List the prime factors of (-3 + -62)/(4/(c + r)).
5, 13
Let q be 77/(-3) + (-58)/(-87). Let h = q - -13. Let y(g) = -18*g - 23. List the prime factors of y(h).
193
Let w(z) = -21*z**2 + 10*z + 58976. List the prime factors of w(0).
2, 19, 97
Let y(a) = 2*a - 23. Let f be y(10). Let x be (-942)/9*f - 2. Suppose 0 = d - 14*d + x. What are the prime factors of d?
2, 3
Let o be 46*37/2 - -2. Let g = o + -476. Let f = -207 + g. List the prime factors of f.
2, 5, 17
Let h = 130 + -126. Suppose 0 = -2*y, 3*g = -5*y + h + 26. List the prime factors of (183 + -2)/(6/(g - 4)).
181
List the prime factors of (-16348)/(-134)*(-110)/(-4).
5, 11, 61
Suppose -4*q - 2*q - 162 = 0. Let b = 3 - q. Suppose 3*o = 141 + b. What are the prime factors of o?
3, 19
Let q(n) = 2*n - 7. Let w be q(-4). Let u be (-2 - -4 - -2)*w/(-20). Suppose -2*v = -5*m + 73, -u*m - 78 = -8*m - 3*v. List the prime factors of m.
3, 5
List the prime factors of 296/6*519255/660.
37, 1049
Let o = -8510 + 35722. List the prime factors of o.
2, 6803
Let o = -99 + 249. Let p = o - 94. Let a = p - 19. What are the prime factors of a?
37
Let g = 842 - 834. Suppose -8626 = -g*j + 774. List the prime factors of j.
5, 47
Suppose -3*i - 124373 = -4*z, 62*i = -5*z + 67*i + 155470. What are the prime factors of z?
31091
Let j = -32 - -41. Suppose -4*o = 5*k - j, 1 + 2 = 3*o. Suppose -5*q + k = -24. List the prime factors of q.
5
Let h(i) = -15*i + 37. Let r be 30/45 + (-2)/3 + 0. List the prime factors of h(r).
37
Let u(d) = 102*d**2 + 31*d - 25. What are the prime factors of u(5)?
2, 5, 67
Suppose 73*f + 382972 = 514104 + 835753. List the prime factors of f.
3, 5, 883
Let h be 3/(-3)*(-2)/1. Suppose -28 = -15*m + h. Suppose -3*o - m*x + 129 + 282 = 0, 5*x = 0. What are the prime factors of o?
137
List the prime factors of (0 - 1128)/(6/(-28)).
2, 7, 47
Let p = 4363 - 4358. Let m = 213 - 67. Suppose 3*y + 21 = p*f + m, 5*y - 163 = -3*f. List the prime factors of y.
5, 7
Let x(a) = 15*a**3 + a**2 + 6*a - 1. Let c be x(4). Let w = -1655 + c. List the prime factors of ((-22)/(-88))/(2/w*-2).
41
Suppose -r - 3*r = 4*b - 208, -4*b = -4*r - 192. Let w = 0 - b. Let s = w - -85. What are the prime factors of s?
5, 7
Let f = 5680 + -665. List the prime factors of f.
5, 17, 59
Suppose 0 = 14*h - 46*h + 62320 + 69008. What are the prime factors of h?
2, 3, 19
Let s(t) = -262*t - 46. Let h(n) = 87*n + 15. Let d(x) = 11*h(x) + 4*s(x). List the prime factors of d(-7).
2, 3, 103
Let a be 130/40 + (-2)/8. Suppose -4 = -2*h - 2*w, a*w - 5 = 4*h - 13. Suppose 0 = -h*v + 8 + 96. List the prime factors of v.
2, 13
Suppose 2*n - 2 = 0, -5*p - n + 65 = 19. Suppose 1024 + 560 = p*m. List the prime factors of m.
2, 11
Let h = -64 + 64. Suppose 0*n + 4*n - 2*n = h. Suppose t - 477 = -4*o - n*t, 2*t + 126 = o. List the prime factors of o.
2, 3, 5
Let x be 11/22*-10 + 1*5. Suppose x = 3*h + 5*c - 502 - 524, h - 5*c = 362. List the prime factors of h.
347
Let q(h) be the first derivative of 21*h**3/2 - 5*h**2/2 + 20*h - 14. Let o(g) be the first derivative of q(g). What are the prime factors of o(2)?
11
Let i be ((-10)/4 + 1)*(-16)/12. Suppose i*j - 2 = -5*v - 24, 3*j - v - 1 = 0. Let y(b) = -107*b - 1. What are the prime factors of y(j)?
2, 53
Suppose 0*q + b = -2*q + 4, 0 = -3*q - 3*b + 6. Suppose 0 = l - q + 3, 4*h - 1090 = -2*l. List the prime factors of h.
3, 7, 13
Let h(t) = -27*t - 25*t - 22 + 53 - 22. List the prime factors of h(-1).
61
Let k be (-4)/(-10) + (-647)/5*1. Suppose -4*y = 5